-5
Let g(f) = f - 18. Calculate g(8).
-10
Let w(f) = f - 2. Determine w(7).
5
Let i(x) = -28*x + 26. Determine i(-6).
194
Let t(h) = -h**3 - 31*h**2 - 4*h - 45. What is t(-31)?
79
Let h(q) = 4*q**2 + 3*q - 1. Determine h(2).
21
Let g(u) = -9*u - 4. Determine g(0).
-4
Let c(b) = -3*b - 12. What is c(-7)?
9
Let m(o) = -3*o + 9. Give m(0).
9
Let x(n) = n**3 + 19*n**2 + 21*n - 8. Determine x(-18).
-62
Let i(m) = -2*m**3 - 2*m**2 - 3*m - 1. Give i(-2).
13
Let o(d) = -21*d**2 - 2*d - 5. What is o(-2)?
-85
Let w(k) = k**3 + 11*k**2 - 2*k - 14. What is w(-11)?
8
Let j(w) = 11*w - 10. Give j(-3).
-43
Let s(g) = -g**3 - 9*g**2 - 8*g + 6. Calculate s(-8).
6
Let o(u) = -u + 151. Determine o(0).
151
Let s(o) = -o**3 + 8*o**2 + 10*o - 5. Give s(9).
4
Let f(d) = -d**3 - 9*d**2 - d + 2. What is f(-9)?
11
Let s(l) = -2*l**3 - 26*l**2 + 18*l - 146. What is s(-14)?
-6
Let v(b) = -b**2 - 10*b + 1. Give v(-9).
10
Let o(v) = v**3 - 7*v**2 + 7*v - 14. Calculate o(6).
-8
Let r(m) = -m**3 + 21*m**2 + 24*m - 44. Give r(22).
0
Let t(k) = -2*k**2 - 61*k - 282. Give t(-6).
12
Let z(u) = -2*u**2 + 14*u - 10. Calculate z(7).
-10
Let h(r) = -3*r**2 - 16*r + 3. Determine h(-6).
-9
Let o(q) = q**2 - 5*q - 11. What is o(8)?
13
Let k(s) = -s**3 + 13*s**2 - 14*s + 4. Give k(12).
-20
Let t(b) = 6*b - 287. Determine t(49).
7
Let s(i) = -2*i + 6. Determine s(6).
-6
Let h(n) = -n**2 - n + 22. Give h(5).
-8
Let f(r) = 17*r**2 - 6*r + 2. What is f(2)?
58
Let k(z) = 2*z**2 - 3*z + 3. Calculate k(6).
57
Let z(t) = -t + 4. Determine z(-13).
17
Let g(s) = s**3 + 3*s**2 - 6*s. Calculate g(-5).
-20
Let a(h) = -h**3 - 4*h**2 + 3*h + 3. What is a(-4)?
-9
Let n(b) = b**3 - 9*b**2 - 12*b + 19. Give n(10).
-1
Let f(g) = -2*g + 5. What is f(-10)?
25
Let l(w) = -2*w**2 + w - 3. Give l(1).
-4
Let d(n) = -n**3 - 40*n**2 - 41*n - 88. Give d(-39).
-10
Let h(b) = -3*b**2 - 32*b - 13. Calculate h(-10).
7
Let z(t) = 52*t. Calculate z(-1).
-52
Let r(a) = -a**3 + 7*a**2 + 9*a - 5. Calculate r(8).
3
Let d(r) = r**2 + 9*r - 96. Calculate d(-15).
-6
Let y(r) = -r**3 + 6*r**2 + 25*r + 21. Give y(9).
3
Let r(q) = -5*q**3 - 3*q**2 - 2*q. Give r(-2).
32
Let x(m) = -3*m - 4. Give x(-5).
11
Let k(x) = -3*x. Calculate k(4).
-12
Let a(g) = 9*g - 97. Calculate a(12).
11
Let k(m) = 2*m**3 + 6*m**2 - 3*m - 15. What is k(-3)?
-6
Let r(m) = -4*m - 8. Calculate r(-1).
-4
Let a(c) = 5*c + 19. Determine a(-8).
-21
Let r(m) = m**3 - 6*m**2 + m - 12. What is r(6)?
-6
Let k(h) = -h**2 - 8*h + 30. Calculate k(-11).
-3
Let b(l) = 2*l**3 + 6*l**2 + 6*l + 7. Calculate b(-2).
3
Let u(b) = b**3 + 10*b**2 - 7*b - 4. What is u(-10)?
66
Let s(t) = -t**2 - 8*t + 2. Give s(5).
-63
Let z(w) = w**2 + 5*w + 3. Determine z(-2).
-3
Let u(x) = -x**2 + 6*x - 9. Determine u(5).
-4
Let d(p) = 4*p**3 - 12*p - 15. Give d(-2).
-23
Let m(b) = b - 2. Determine m(10).
8
Let j(v) = 2*v**3 - 16*v**2 - 3*v + 19. Give j(8).
-5
Let i(m) = 6*m + 44. Calculate i(-8).
-4
Let i(v) = v + 9. Determine i(10).
19
Let m(p) = p**3 - 4*p**2 - 11*p + 9. Determine m(6).
15
Let w(u) = -u**3 + 5*u**2 - 5*u + 9. Determine w(4).
5
Let z(v) = -v**3 - 6*v**2 - 5*v + 3. Determine z(-5).
3
Let g(s) = -s**3 - 4*s**2 + 17*s + 17. Calculate g(-6).
-13
Let v(q) = q**2 + 8*q - 8. What is v(-8)?
-8
Let z(q) = -30*q**2 - 119*q - 1. What is z(-4)?
-5
Let g(a) = -a + 10. Determine g(0).
10
Let v(d) = 31*d - 198. What is v(6)?
-12
Let x(o) = -o**3 - 6*o**2 - 11*o - 52. Calculate x(-5).
-22
Let n(r) = -12*r**2 + 5*r - 4. Determine n(2).
-42
Let w(k) = 153*k + 606. Determine w(-4).
-6
Let r(l) = -3*l + 10. Determine r(5).
-5
Let q(h) = h**2 - 25*h - 51. Give q(29).
65
Let s(a) = a**3 + 43*a**2 + 49*a + 301. Determine s(-42).
7
Let f(l) = 18*l - 163. Determine f(10).
17
Let t(g) = -86*g - 102. Give t(-1).
-16
Let g(y) = 2*y**2 + 29*y + 8. Determine g(-14).
-6
Let b(h) = -4*h**3 - h**2 + 2*h - 3. Calculate b(2).
-35
Let m(l) = l**2 - 9*l - 23. Give m(14).
47
Let n(w) = w**3 + w**2 - 6*w - 20. Calculate n(-3).
-20
Let q(h) = -4*h - 30. What is q(-6)?
-6
Let z(v) = -8*v - 19. Give z(10).
-99
Let d(h) = -8*h - 9. Determine d(-6).
39
Let c(f) = 2*f**2 + 9*f + 3. Give c(-5).
8
Let r(k) = -k**2 - 8*k + 15. What is r(-9)?
6
Let o(q) = 3*q - 41. Calculate o(18).
13
Let v(j) = j + 5. Calculate v(3).
8
Let y(v) = -11*v**2 - 2*v - 1. Determine y(-1).
-10
Let o(z) = z**3 + 20*z**2 + 21*z + 24. Determine o(-19).
-14
Let k(v) = -v**3 + 12*v**2 + 13*v - 3. Determine k(13).
-3
Let q(z) = -z**3 - z**2 + 10*z - 10. Determine q(3).
-16
Let w(i) = 33*i**2 - 6*i - 7. What is w(-1)?
32
Let r(k) = -k**3 - 14*k**2 + 20*k + 36. Give r(-15).
-39
Let f(s) = 3*s + 26. Determine f(-10).
-4
Let t(b) = b**2 + 8*b - 5. Calculate t(-9).
4
Let t(w) = -w**2 + 3*w - 27. Determine t(0).
-27
Let w(b) = -20*b**2 - 4*b + 8. Give w(2).
-80
Let t(m) = 33*m + 434. Calculate t(-13).
5
Let r(h) = h**3 - 38*h**2 - 35*h - 161. Calculate r(39).
-5
Let x(q) = q**3 + q + 11. Calculate x(0).
11
Let q(m) = m**3 - 11*m**2 + 7*m + 9. Calculate q(10).
-21
Let u(q) = -14*q + 12. Determine u(0).
12
Let s(a) = 2*a**2 + 2*a - 2. Determine s(-2).
2
Let x(z) = 12*z**2 - z + 1. What is x(1)?
12
Let j(v) = v**3 - v**2 - v + 3. What is j(3)?
18
Let s(d) = 3*d + 10. Determine s(0).
10
Let t(f) = -22*f - 2. Determine t(-4).
86
Let h(s) = 2*s + 40. Determine h(-10).
20
Let p(u) = -7*u**3 + u**2 + 3*u + 4. Calculate p(-2).
58
Let d(c) = -c**2 + 7*c + 2. Calculate d(8).
-6
Let q(n) = 7*n - 65. Determine q(11).
12
Let n(a) = -9*a + 22. Calculate n(-5).
67
Let m(c) = -4*c + 6. What is m(8)?
-26
Let d(v) = -40*v - 70. Determine d(-2).
10
Let s(h) = -h**3 - 11*h**2 - 11*h - 14. Determine s(-10).
-4
Let f(s) = 12*s + 477. Determine f(-42).
-27
Let m(f) = -f**2 + 8*f + 5. Determine m(5).
20
Let i(r) = -r**3 - 4*r**2 + 2*r + 10. Calculate i(-3).
-5
Let v(w) = w**2 + 3*w + 7. What is v(-5)?
17
Let z(o) = -o**3 + 8*o**2 - 12*o. Give z(6).
0
Let o(a) = a - 10. Determine o(6).
-4
Let b(l) = -l**3 - 2*l**2 - 3*l + 10. What is b(-5)?
100
Let a(b) = -44*b + 533. Calculate a(12).
5
Let b(x) = -x + 4. What is b(9)?
-5
Let d(n) = -n**2 - 4*n - 2. What is d(-4)?
-2
Let n(h) = 2*h**2 - 13*h - 5. Determine n(7).
2
Let a(z) = z**2 + 6*z + 7. Determine a(-6).
7
Let s(b) = -b**2 - 17*b + 38. Give s(-19).
0
Let f(z) = -10*z**3 - z**2 + 31*z + 31. Determine f(-1).
9
Let k(x) = x + 24. Calculate k(0).
24
Let l(z) = z**3 + 47*z**2 - 5. What is l(-47)?
-5
Let i(k) = -4*k + 18. Give i(8).
-14
Let q(h) = h**2 + 10*h + 8. Calculate q(-8).
-8
Let s(q) = 33*q**2 - q + 1. Calculate s(1).
33
Let m(k) = 2*k**3 - 11*k**2 - 8*k + 20. Determine m(6).
8
Let c(k) = -22*k - 1. Determine c(-1).
21
Let c(x) = x**2 - 13*x + 72. Determine c(9).
36
Let i(h) = -19*h - 210. Determine i(-11).
-1
Let c(a) = -2*a**3 - 6*a**2 - 6*a - 8. Calculate c(-4).
48
Let a(b) = -b**2 - 9*b + 15. Determine a(-9).
15
Let h(b) = -b**2 + 5*b - 2. Give h(7).
-16
Let p(x) = 14*x - 42. Calculate p(2).
-14
Let g(a) = a**2 - a - 10. What is g(5)?
10
Let i(n) = 2*n + 19. Determine i(-23).
-27
Let y(s) = 37*s**2 - 2*s + 1. Calculate y(1).
36
Let x(o) = -o**2 + 16*o + 19. Give x(17).
2
Let s(a) = a**3 - 5*a**2 - 7*a + 4. What is s(-2)?
-10
Let w(g) = -g**2 + 13*g + 23. What is w(14)?
9
Let s(r) = r + 20. Determine s(-20).
0
Let y(a) = -a**3 - 13*a**2 + 2*a + 9. Determine y(-13).
-17
Let k(r) = -6*r - 11. Give k(-2).
1
Let o(s) = -s**3 - 28*s**2 - 23*s + 94. Give o(-27).
-14
Let o(v) = -6*v + 6. What is o(11)?
-60
Let d(j) = j**2 + 14*j + 10. Calculate d(-12).
-14
Let a(n) = 2*n**3 - n - 56. Calculate a(0).
-56
Let x(i) = -i**2 - 10*i - 25. What is x(-5)?
0
Let f(l) = -2*l**3 + 3*l**2 + 13*l + 3. Calculate f(-2).
5
Let o(q) = q**3 - 9*q**2 + 8*q + 9. Calculate o(8).
9
Let j(x) = -x**2 - 12*x - 6. Calculate j(-9).
21
Let s(m) = 9*m + 2. Determine s(3).
29
Let s(k) = 5*k**2 + 2*k - 10. Determine s(4).
78
Let u(f) = f**2 + 6. Determine u(5).
31
Let w(n) = -n**3 + 7*n**2 - 7*n + 3. What is w(3)?
18
Let r(c) = c**2 - 8*c - 17. Determine r(10).
3
Let k(z) = -z**3 + 5*z**2 + 10*z + 16. What is k(7)?
-12
Let m(i) = i**3 + 2*i**2 + 4*i + 9. Give m(0).
9
Let u(z) = -z**2 + 12*z + 1. Give u(10).
21
Let p(f) = f**3 + 4*f**2 - 10*f + 6. Determine p(-6).
-6
Let o(x) = x**3 + 4*x**2 + 10*x + 16. Calculate o(-5).
-59
Let k(c) = c**2 - 12*c + 11. W